vide 1330?
False
Is 1650 a multiple of 186?
False
Is 26 a factor of 949?
False
Does 36 divide 1045?
False
Does 24 divide 43014?
False
Is 654 a multiple of 4?
False
Does 34 divide 1446?
False
Does 6 divide 450?
True
Is 40 a factor of 1040?
True
Does 258 divide 14190?
True
Is 18671 a multiple of 165?
False
Is 664 a multiple of 9?
False
Is 207 a multiple of 3?
True
Is 40 a factor of 16262?
False
Is 22695 a multiple of 238?
False
Does 16 divide 101?
False
Does 33 divide 16417?
False
Is 738 a multiple of 3?
True
Is 29 a factor of 4843?
True
Is 390 a multiple of 31?
False
Does 108 divide 3630?
False
Is 7 a factor of 187?
False
Does 26 divide 211?
False
Is 7689 a multiple of 33?
True
Does 16 divide 2240?
True
Is 4 a factor of 7184?
True
Does 13 divide 443?
False
Is 70 a factor of 2493?
False
Does 35 divide 30800?
True
Does 18 divide 812?
False
Is 22552 a multiple of 33?
False
Does 55 divide 3080?
True
Is 776 a multiple of 4?
True
Is 15040 a multiple of 21?
False
Is 40 a factor of 720?
True
Is 20 a factor of 736?
False
Is 13960 a multiple of 9?
False
Does 17 divide 646?
True
Is 7 a multiple of 2?
False
Is 26 a factor of 1118?
True
Does 10 divide 107540?
True
Does 13 divide 9347?
True
Does 12 divide 408?
True
Does 28 divide 2586?
False
Is 16965 a multiple of 39?
True
Is 10 a factor of 3980?
True
Is 60 a factor of 805?
False
Is 11 a factor of 2310?
True
Is 18258 a multiple of 258?
False
Is 27825 a multiple of 15?
True
Does 48 divide 5808?
True
Is 20 a factor of 2443?
False
Is 16 a factor of 19119?
False
Is 5950 a multiple of 50?
True
Is 81 a factor of 761?
False
Is 144 a factor of 51462?
False
Is 64 a factor of 2368?
True
Is 76 a factor of 1520?
True
Is 16 a factor of 16?
True
Does 9 divide 171?
True
Does 10 divide 174?
False
Does 225 divide 4500?
True
Does 62 divide 3056?
False
Does 94 divide 1692?
True
Does 83 divide 664?
True
Is 153 a factor of 16983?
True
Does 12 divide 865?
False
Is 6156 a multiple of 12?
True
Is 2028 a multiple of 26?
True
Does 25 divide 11350?
True
Does 9 divide 47?
False
Is 17968 a multiple of 16?
True
Is 119 a factor of 11662?
True
Does 5 divide 186?
False
Is 4 a factor of 3716?
True
Does 135 divide 30645?
True
Does 53 divide 10287?
False
Does 9 divide 1151?
False
Is 10 a factor of 410?
True
Does 51 divide 6023?
False
Is 130 a factor of 5200?
True
Is 20 a factor of 420?
True
Is 108 a multiple of 2?
True
Does 43 divide 72498?
True
Is 15 a factor of 1170?
True
Is 9243 a multiple of 9?
True
Does 48 divide 4944?
True
Does 5 divide 378?
False
Is 28762 a multiple of 191?
False
Is 9 a factor of 4212?
True
Is 9 a factor of 12474?
True
Is 37061 a multiple of 12?
False
Is 61 a factor of 1342?
True
Is 34770 a multiple of 95?
True
Does 11 divide 308?
True
Is 924 a multiple of 21?
True
Does 32 divide 34854?
False
Is 27060 a multiple of 110?
True
Is 10351 a multiple of 6?
False
Is 27 a factor of 108?
True
Does 10 divide 1540?
True
Does 45 divide 22116?
False
Is 20 a factor of 9360?
True
Is 11572 a multiple of 53?
False
Does 18 divide 2664?
True
Is 28 a multiple of 2?
True
Is 2016 a multiple of 68?
False
Is 2898 a multiple of 46?
True
Is 72 a factor of 4536?
True
Is 15 a factor of 332?
False
Does 181 divide 7510?
False
Is 1615 a multiple of 3?
False
Does 12 divide 3684?
True
Is 21532 a multiple of 14?
True
Is 35 a factor of 3491?
False
Does 31 divide 372?
True
Does 73 divide 15564?
False
Does 4 divide 6782?
False
Is 15547 a multiple of 311?
False
Does 18 divide 2777?
False
Is 14664 a multiple of 24?
True
Does 16 divide 25706?
False
Does 73 divide 949?
True
Is 169 a multiple of 2?
False
Is 538 even?
True
Is 20 a factor of 4631?
False
Does 48 divide 1408?
False
Does 67 divide 670?
True
Does 35 divide 1895?
False
Is 7056 a multiple of 14?
True
Does 22 divide 179?
False
Is 6 a factor of 30?
True
Is 2841 a multiple of 23?
False
Does 17 divide 1224?
True
Is 296 a multiple of 37?
True
Is 21 a factor of 799?
False
Is 101812 a multiple of 13?
False
Is 5 a factor of 7966?
False
Does 24 divide 3072?
True
Does 73 divide 48618?
True
Is 12 a factor of 6006?
False
Is 16 a factor of 4144?
True
Is 372 a multiple of 124?
True
Does 38 divide 2921?
False
Is 12 a factor of 174?
False
Is 64 a factor of 24099?
False
Is 1702 a multiple of 13?
False
Is 21 a multiple of 3?
True
Does 15 divide 20325?
True
Is 1244 a multiple of 43?
False
Is 18 a factor of 46522?
False
Is 2 a factor of 1784?
True
Is 238 a multiple of 14?
True
Does 12 divide 17628?
True
Is 14 a factor of 1390?
False
Is 5239 a multiple of 13?
True
Does 17 divide 50525?
False
Is 1596 a multiple of 5?
False
Is 20 a factor of 31460?
True
Is 1008 a multiple of 8?
True
Does 105 divide 9345?
True
Does 50 divide 200?
True
Does 2 divide 143?
False
Is 1991 a multiple of 55?
False
Is 28 a factor of 1176?
True
Is 12 a factor of 3204?
True
Does 27 divide 817?
False
Is 1038 a multiple of 32?
False
Is 6 a factor of 4020?
True
Is 7 a factor of 16926?
True
Does 8 divide 25127?
False
Does 17 divide 2703?
True
Is 511 a multiple of 22?
False
Is 3570 a multiple of 17?
True
Does 9 divide 5427?
True
Does 79 divide 7347?
True
Does 14 divide 7700?
True
Does 3 divide 272?
False
Does 96 divide 5760?
True
Does 35 divide 5994?
False
Is 4950 a multiple of 15?
True
Is 81 a multiple of 9?
True
Does 25 divide 3219?
False
Is 8549 a multiple of 67?
False
Is 25572 a multiple of 6?
True
Does 70 divide 44450?
True
Is 19 a factor of 3204?
False
Is 156 a factor of 32919?
False
Does 8 divide 271?
False
Does 19 divide 4142?
True
Is 16 a factor of 20137?
False
Is 6480 a multiple of 90?
True
Is 117 a factor of 31239?
True
Is 4769 a multiple of 120?
False
Does 20 divide 1578?
False
Does 41 divide 2134?
False
Is 34 a factor of 868?
False
Does 12 divide 156?
True
Is 11 a factor of 1793?
True
Does 28 divide 13114?
False
Does 51 divide 16099?
False
Does 14 divide 7699?
False
Is 11489 a multiple of 7?
False
Is 61030 a multiple of 359?
True
Is 33 a factor of 11837?
False
Is 315 a multiple of 75?
False
Is 2128 a multiple of 14?
True
Is 26 a factor of 2388?
False
Does 21 divide 25702?
False
Is 22 a factor of 13464?
True
Is 3750 a multiple of 125?
True
Is 29 a factor of 1245?
False
Does 8 divide 952?
True
Does 3 divide 2984?
False
Does 116 divide 1364?
False
Is 33 a factor of 109164?
True
Is 42 a factor of 1008?
True
Is 21 a factor of 1218?
True
Does 8 divide 264?
True
Is 56 a factor of 11928?
True
Is 673 a multiple of 40?
False
Is 1035 a multiple of 45?
True
Is 32 a factor of 7851?
False
Is 12337 a multiple of 151?
False
Is 6248 a multiple of 14?
False
Does 42 divide 4830?
True
Is 60 a factor of 29937?
False
Is 77 a factor of 1540?
True
Does 4 divide 1156?
True
Is 60 a multiple of 6?
True
Is 8946 a multiple of 42?
True
Is 1426 a multiple of 3?
False
Is 2835 a multiple of 4?
False
Is 20 a factor of 36647?
False
Is 614 a multiple of 51?
False
Is 38 a factor of 1023?
False
Does 15 divide 688?
False
Does 38 divide 143?
False
Is 14 a factor of 3024?
True
Is 6 a factor of 312?
True
Does 10 divide 6610?
True
Does 66 divide 594?
True
Is 318 a multiple of 6?
True
Does 16 divide 4592?
True
Does 2 divide 3083?
False
Is 4647 a multiple of 103?
False
Is 75728 a multiple of 8?
True
Is 2937 a multiple of 10?
False
Does 9 divide 164?
False
Is 30 a factor of 51870?
True
Does 16 divide 1541?
False
Is 8 a factor of 657?
False
Is 69 a factor of 14120?
False
Does 13 divide 13292?
False
Is 8 a factor of 3744?
True
Is 3094 a multiple of 34?
True
Is 12 a factor of 1794?
False
Does 7 divide 182?
True
Is 22620 a multiple of 52?
True
Does 57 divide 22515?
True
Does 35 divide 132195?
True
Is 12 a factor of 881?
False
Is 15330 a multiple of 15?
True
Does 53 divide 1294?
False
Is 27 a factor of 100710?
True
Is 18 a factor of 864?
True
Does 32 divide 12384?
True
Is 12350 a multiple of 10?
True
Does 82 divide 4264?
True
Is 784 a multiple of 19?
False
Is 102 a factor of 1405?
False
Is 86 a factor of 3010?
True
Is 24 a factor of 536?
False
Is 5379 a multiple of 6?
False
Does 27 divide 513?
True
Is 122 a factor of 35249?
False
Is 325 a factor of 94165?
False
Is 7 a factor of 294?
True
Is 20 a factor of 17281?
False
Is 132 a factor of 79200?
True
Does 38 divide 10222?
True
Is 6166 a multiple of 43?
False
Is 4 a factor of 1480?
True
Does 24 divide 144?
True
Is 15 a factor of 693?
False
Do